 = t**2 - 24*t + 18. What is d(22)?
-26
Let o(s) = -s**2 - 2*s - 2. Give o(-3).
-5
Let i(g) = 2*g**2 + 12*g + 6. What is i(-2)?
-10
Let a(n) = -n**2 + 6*n + 6. Calculate a(7).
-1
Let j(d) = -d**2 - 46*d + 47. Calculate j(-47).
0
Let h(m) = -12*m - 1092. Determine h(-90).
-12
Let d(t) = 5*t + 5. What is d(-6)?
-25
Let j(s) = -14*s + 489. What is j(34)?
13
Let a(h) = 14*h - 1071. Give a(77).
7
Let i(d) = d**3 + 9*d**2 + 7*d - 13. Give i(-8).
-5
Let r(n) = -9*n**2 + 6*n + 1. Calculate r(1).
-2
Let j(v) = -v**3 + 11*v**2 - 6*v - 20. What is j(10)?
20
Let a(i) = i**3 + 17*i**2 - 38*i + 7. Give a(-19).
7
Let n(s) = -4*s**2 - 131*s + 34. Give n(-33).
1
Let b(i) = -i**3 + 5*i**2 - 5*i + 10. Determine b(5).
-15
Let a(g) = -5*g - 76. Give a(-14).
-6
Let o(x) = -x - 4. Calculate o(0).
-4
Let y(q) = -q**3 + 6*q**2 + 14*q + 3. Determine y(8).
-13
Let f(v) = v**2 - v + 3. What is f(7)?
45
Let l(y) = 3*y**2 + 10*y + 1. Give l(-4).
9
Let q(i) = -i**3 + 8*i**2 + 3*i + 65. What is q(9)?
11
Let u(j) = 9*j + 5. Determine u(4).
41
Let l(n) = -n**3 - 9*n**2 - 13*n + 9. Calculate l(-7).
2
Let g(f) = -3*f**3 - 34*f**2 + 23*f - 5. Determine g(-12).
7
Let l(r) = r**2 - 21*r + 83. What is l(6)?
-7
Let g(s) = -s**2 + 13*s - 6. Determine g(12).
6
Let t(v) = -v**2 - 22*v - 3. What is t(-22)?
-3
Let a(n) = -n**2 - 4*n - 11. What is a(-3)?
-8
Let v(t) = t**3 - 7*t**2 + 4*t - 4. Give v(5).
-34
Let z(p) = -2*p**2 - 24*p + 5. Calculate z(-12).
5
Let n(c) = -c**3 + 3*c**2 - 6*c + 7. Give n(2).
-1
Let f(d) = d**3 + 11*d**2 - 10*d - 39. Determine f(-11).
71
Let j(x) = 3*x**2 - 33*x + 2. Calculate j(11).
2
Let q(h) = h**3 + 29*h**2 + 204*h + 2. Give q(-17).
2
Let c(r) = 7*r - 3. Calculate c(-7).
-52
Let k(l) = -3*l**2 - 5. Give k(4).
-53
Let l(k) = 37*k - 90. Determine l(3).
21
Let m(v) = -v - 18. Give m(-18).
0
Let h(j) = 5*j**3 + 4*j**2 - 2*j - 1. Give h(-2).
-21
Let n(r) = -r**3 - 13*r**2 + 14*r + 24. Determine n(-14).
24
Let i(h) = 3*h**2 + 17*h + 8. Calculate i(-5).
-2
Let n(v) = v**3 + 19*v**2 + 39*v + 20. Determine n(-17).
-65
Let c(n) = n + 5. What is c(-6)?
-1
Let q(u) = u**3 - 4*u**2 + 6*u - 7. Give q(3).
2
Let n(u) = u**2 - 9*u + 3. Determine n(6).
-15
Let u(r) = -3*r**3 + r**2 - r + 1. Determine u(-2).
31
Let q(f) = f**3 - 4*f**2 - 33*f + 1. What is q(8)?
-7
Let r(k) = 2*k - 11. Calculate r(25).
39
Let c(d) = d**3 + 9*d**2 + d - 11. Determine c(-9).
-20
Let a(m) = 9*m + 73. Determine a(-9).
-8
Let p(i) = 18*i**2 + 12*i. What is p(-1)?
6
Let q(b) = -b**3 - 14*b**2 + 2*b + 39. Give q(-14).
11
Let c(f) = -f**2 - 21*f + 10. Calculate c(-22).
-12
Let z(c) = c**2 - 10*c + 2. Determine z(6).
-22
Let d(b) = b**3 - 37*b**2 + 3*b - 106. Calculate d(37).
5
Let h(c) = c + 36. Determine h(-14).
22
Let c(w) = 2*w**2 + 10*w - 7. Calculate c(-5).
-7
Let c(d) = d**3 + 4*d**2 + 5*d + 2. Determine c(-3).
-4
Let y(a) = -a**3 + 8*a**2 - 6*a - 15. Give y(6).
21
Let q(j) = -j**2 + 22*j - 112. What is q(7)?
-7
Let w(a) = -9*a - 2. Give w(3).
-29
Let s(w) = -7*w - 27. Give s(-5).
8
Let h(s) = 5*s + 4. What is h(3)?
19
Let l(w) = w + 3. What is l(-11)?
-8
Let l(p) = p**3 + 6*p**2 + 10*p + 67. Determine l(-6).
7
Let v(o) = o**3 - 2*o**2 + 1. Give v(-2).
-15
Let f(w) = -2*w. Calculate f(12).
-24
Let z(h) = -7*h + 374. What is z(54)?
-4
Let c(x) = x**3 + 10*x**2 - 2*x + 6. Calculate c(-10).
26
Let k(h) = 7*h**2 + 12*h + 25. Determine k(-4).
89
Let f(u) = 7*u + 117. Give f(-17).
-2
Let w(q) = -40*q + 18. What is w(-1)?
58
Let i(q) = -q**3 + 8*q**2 - 9*q + 1. What is i(6)?
19
Let x(o) = -2*o**2 + 19*o - 9. What is x(8)?
15
Let z(f) = f**3 - 4*f**2 - 6*f - 5. Calculate z(5).
-10
Let x(a) = -a**3 - 15*a**2 + 18*a + 22. What is x(-16)?
-10
Let z(y) = 8*y + 2. Give z(1).
10
Let u(i) = 5*i - 27. Give u(4).
-7
Let a(r) = r**2 - 15*r - 52. Give a(17).
-18
Let k(o) = -o**3 - 16*o**2 + 36*o + 1. Determine k(-18).
1
Let m(t) = -2*t**2 + 19*t - 12. Determine m(8).
12
Let p(g) = g**3 - 13*g**2 - 34*g + 30. What is p(15)?
-30
Let z(r) = 2*r**2 - 36*r - 18. Give z(19).
20
Let g(t) = 3*t**2 + 7*t + 9. Determine g(-1).
5
Let p(r) = -r**3 - 8*r**2 - 2*r - 13. Calculate p(-8).
3
Let n(r) = 2*r**2 - r. Give n(3).
15
Let m(t) = -t**2 - 8*t - 14. Calculate m(-6).
-2
Let l(h) = -14*h - 68. Give l(-5).
2
Let s(u) = -u**3 - 9*u**2 + u + 8. What is s(-9)?
-1
Let s(g) = -g**2 + 2. Determine s(-1).
1
Let y(r) = r**2 - 3*r - 34. Calculate y(-6).
20
Let s(v) = 4*v + 66. Give s(-10).
26
Let f(d) = -5*d**2 + 2*d - 3. Calculate f(2).
-19
Let t(b) = b**2 - b + 43. Calculate t(0).
43
Let w(d) = 5*d + 36. What is w(6)?
66
Let s(p) = p**3 - 4*p**2 - 9*p + 8. Determine s(6).
26
Let c(m) = m**2 + 7*m + 4. What is c(-7)?
4
Let m(g) = g**2 - 5*g - 8. Calculate m(5).
-8
Let y(q) = 10*q + 15. Determine y(-2).
-5
Let v(i) = -i + 9. Determine v(17).
-8
Let a(t) = t**3 - 8*t**2 - 10*t - 9. Give a(9).
-18
Let d(u) = u**3 + 15*u**2 - 18*u - 35. Give d(-16).
-3
Let j(o) = -o**3 + 9*o**2 + 5*o + 1. Give j(9).
46
Let b(j) = 2*j**2 - 35*j + 146. Give b(8).
-6
Let l(q) = -3*q - 15. What is l(-8)?
9
Let h(f) = 2*f**2 - f - 8. Calculate h(4).
20
Let x(r) = -r**2 - 7*r + 4. What is x(-9)?
-14
Let o(l) = 5*l**2 + 2. Give o(-1).
7
Let s(x) = x**2 - 11*x + 7. Calculate s(7).
-21
Let g(c) = c**2 - 22*c + 35. What is g(20)?
-5
Let k(c) = 2*c - 10. What is k(11)?
12
Let h(f) = -f**3 - 7*f**2 - 5*f + 2. What is h(-6)?
-4
Let t(u) = 2*u - 12. What is t(-5)?
-22
Let r(v) = -v**3 + 9*v**2 - 10*v - 11. Calculate r(8).
-27
Let p(m) = m**2 - 7*m - 17. Determine p(10).
13
Let u(a) = -a**2 + 28*a - 103. What is u(6)?
29
Let g(p) = -p - 10. Calculate g(-2).
-8
Let u(q) = -9*q**3 + 2*q**2 + 1. Give u(2).
-63
Let x(w) = w**2 - 8*w - 36. Calculate x(11).
-3
Let a(z) = -5*z**2 + 31*z - 4. Calculate a(6).
2
Let y(f) = f**3 - f**2 - 4*f - 2. Calculate y(-1).
0
Let o(c) = 8*c + 28. Give o(-5).
-12
Let b(f) = -54*f**3 + 2*f**2 - f. What is b(1)?
-53
Let m(b) = -3*b**2 - b + 90. Determine m(9).
-162
Let o(y) = 18*y - 17. Determine o(-4).
-89
Let m(f) = 2*f**2 + 4*f - 5. Calculate m(-3).
1
Let f(r) = r**2 + 19*r + 69. Calculate f(-11).
-19
Let g(s) = 15*s**3 + s**2 + 3*s - 6. Calculate g(2).
124
Let c(x) = x**3 + 4*x**2 - 3*x - 7. Determine c(-2).
7
Let s(q) = 10*q**2 + 2. Determine s(1).
12
Let l(h) = 3*h - 64. Give l(21).
-1
Let i(h) = h + 2. What is i(-1)?
1
Let k(l) = -l**3 - 30*l**2 + 5*l + 148. Determine k(-30).
-2
Let k(x) = -x**2 + 28*x - 160. Determine k(23).
-45
Let t(c) = c**2 - 10*c + 6. What is t(8)?
-10
Let y(n) = -n**3 + n**2 - 3*n + 1. What is y(0)?
1
Let x(h) = -h**3 - 4*h**2 + h + 1. Calculate x(-3).
-11
Let c(m) = -m**3 - 7*m**2 - 4*m + 5. Give c(-5).
-25
Let a(w) = w**2 + 55*w + 7. What is a(0)?
7
Let n(k) = -k**2 - 10*k + 4. What is n(-8)?
20
Let l(d) = -8*d - 71. Give l(-7).
-15
Let t(i) = -6*i**2 - 3*i + 3. Determine t(1).
-6
Let q(r) = 22*r**2 - 2*r + 1. Give q(1).
21
Let t(i) = -5*i**2 - 17*i. What is t(-6)?
-78
Let c(w) = w**3 + 14*w**2 + 52*w + 11. What is c(-6)?
-13
Let f(w) = -10*w**2 + 26*w - 2. Calculate f(3).
-14
Let y(n) = 4*n**3 - 25*n**2 - 23*n + 12. What is y(7)?
-2
Let u(j) = 3*j**2 - 2*j - 4. Determine u(-3).
29
Let k(p) = -p**3 + 3*p**2 + 3*p - 4. Give k(4).
-8
Let x(d) = -4*d + 20. Calculate x(5).
0
Let f(i) = 30*i + 2. Give f(-1).
-28
Let c(f) = f**3 + 8*f**2 + 5*f - 8. Calculate c(-6).
34
Let g(i) = i**3 + 8*i**2 - 9*i + 18. Give g(-9).
18
Let c(p) = -p**3 + 6*p**2 + 5*p + 8. Determine c(6).
38
Let c(p) = -5*p**3 + p**2 - 2*p - 3. Determine c(-1).
5
Let x(h) = -h**2 + h - 22. Give x(0).
-22
Let l(c) = c**3 - 2*c**2 - 4*c - 8. Calculate l(0).
-8
Let l(t) = -t**2 + 3*t - 8. What is l(5)?
-18
Let o(i) = -6*i + 9. Determine o(-18).
117
Let g(s) = s - 9. What is g(-5)?
-14
Let i(p) = -168*p - 667. Calculate i(-4).
5
Let v(u) = u**2 + 30*u + 61. Determine v(-28).
5
Let x(t) = t**3 - 9*t**2 - 15*t + 39. Calculate x(10).
-11
Let k(w) = w**2 + 19*w - 1. Calculate k(-17).
-35
Let u(j) = j**2 + 8*j - 4. Determine u(-6).
-16
Let s(r) = -r**3 + 12*r**2 + 2*r - 38. Give s(12).
-14
Let y(l) = -7*l**3 - 4*l**2 - 3*l + 2. Calculate y(-2).
48
Let v(b) = -b**2 + 49*b + 666. What is v(60)?
6
Let i(z) = -z - 12. Determine i(-11).
-1
Let f(n) = n**3 + 41*n**2 + 85*n + 276. Calculate f(-39).
3
Let l(w) = -2*w - 6. What is l(-2)?
-2
Let q(j) = -4*j - 7. Det